{"id":3363,"date":"2023-03-09T17:54:27","date_gmt":"2023-03-09T20:54:27","guid":{"rendered":"https:\/\/www.itfcursos.com.br\/online\/?post_type=product&#038;p=3363"},"modified":"2023-03-13T08:23:49","modified_gmt":"2023-03-13T11:23:49","slug":"icms-credito-basico-e-credito-acumulado-questoes-praticas-2","status":"publish","type":"product","link":"https:\/\/www.itfcursos.com.br\/online\/produto\/icms-credito-basico-e-credito-acumulado-questoes-praticas-2","title":{"rendered":"ICMS \u2013 Cr\u00e9dito B\u00e1sico e Cr\u00e9dito Acumulado (quest\u00f5es pr\u00e1ticas)"},"content":{"rendered":"<p><strong>Objetivo:<\/strong> esclarecer sobre o cr\u00e9dito b\u00e1sico do ICMS, sua manuten\u00e7\u00e3o, apropria\u00e7\u00e3o, estorno, utiliza\u00e7\u00e3o, informa tamb\u00e9m as formas de manter o cr\u00e9dito para que se torne acumulado, cr\u00e9dito de produtos importados, exporta\u00e7\u00f5es e opera\u00e7\u00f5es interestaduais e demais cr\u00e9ditos, veja ementa. O treinamento possui um vasto conte\u00fado sobre o assunto. Ser\u00e1 explicado sobre a Lei Complementar 160\/17 e o Conv\u00eanio ICMS 190\/17,\u00a0e\u00a0muito\u00a0mais.<\/p>\n<p>Aula 1. Conceito sobre ICMS<br \/>\nAula 2. Base de C\u00e1lculo<br \/>\nAula 3. C\u00e1lculo do ICMS<br \/>\nAula 4. Solicita\u00e7\u00e3o do cr\u00e9dito acumulado<br \/>\nAula 5. Fatos Que D\u00e3o Causa ao Cr\u00e9dito Acumulado<br \/>\nAula 6. Direito de Utiliza\u00e7\u00e3o do Cr\u00e9dito Acumulado \/ Estorno e Veda\u00e7\u00e3o<br \/>\nAula 7. Estorno do Cr\u00e9dito<br \/>\nAula 8. Lei Complementar 160\/17 e Conv\u00eanio ICMS 190\/17<br \/>\nAula 9. Cr\u00e9dito B\u00e1sico de Energia El\u00e9trica<br \/>\nAula 10. Cr\u00e9dito Presumido ou Outorgado<br \/>\nAula 11. Regime Especial<br \/>\nAula 12. Cr\u00e9dito B\u00e1sico de Transporte e Combust\u00edvel<br \/>\nAula 13. Cr\u00e9dito Presumido Para Transportadoras<br \/>\nAula 14. Transfer\u00eancia de Cr\u00e9ditos Presumido<br \/>\nAula 15. Empresas Interdependentes<br \/>\nAula 16. Penalidades<\/p>\n","protected":false},"excerpt":{"rendered":"<p>Objetivo: esclarecer sobre o cr\u00e9dito b\u00e1sico do ICMS, sua manuten\u00e7\u00e3o, apropria\u00e7\u00e3o, estorno, utiliza\u00e7\u00e3o, informa tamb\u00e9m as formas de manter o cr\u00e9dito para que se torne acumulado, cr\u00e9dito de produtos importados, exporta\u00e7\u00f5es e opera\u00e7\u00f5es interestaduais e demais cr\u00e9ditos, veja ementa. O treinamento possui um vasto conte\u00fado sobre o assunto. Ser\u00e1 explicado sobre a Lei Complementar 160\/17 [&hellip;]<\/p>\n","protected":false},"featured_media":3387,"comment_status":"open","ping_status":"closed","template":"","meta":{"_acf_changed":false},"product_brand":[],"product_cat":[199,205],"product_tag":[],"class_list":{"0":"post-3363","1":"product","2":"type-product","3":"status-publish","4":"has-post-thumbnail","6":"product_cat-icms","7":"product_cat-video-aulas","9":"first","10":"instock","11":"virtual","12":"purchasable","13":"product-type-simple"},"acf":[],"_links":{"self":[{"href":"https:\/\/www.itfcursos.com.br\/online\/wp-json\/wp\/v2\/product\/3363","targetHints":{"allow":["GET"]}}],"collection":[{"href":"https:\/\/www.itfcursos.com.br\/online\/wp-json\/wp\/v2\/product"}],"about":[{"href":"https:\/\/www.itfcursos.com.br\/online\/wp-json\/wp\/v2\/types\/product"}],"replies":[{"embeddable":true,"href":"https:\/\/www.itfcursos.com.br\/online\/wp-json\/wp\/v2\/comments?post=3363"}],"wp:featuredmedia":[{"embeddable":true,"href":"https:\/\/www.itfcursos.com.br\/online\/wp-json\/wp\/v2\/media\/3387"}],"wp:attachment":[{"href":"https:\/\/www.itfcursos.com.br\/online\/wp-json\/wp\/v2\/media?parent=3363"}],"wp:term":[{"taxonomy":"product_brand","embeddable":true,"href":"https:\/\/www.itfcursos.com.br\/online\/wp-json\/wp\/v2\/product_brand?post=3363"},{"taxonomy":"product_cat","embeddable":true,"href":"https:\/\/www.itfcursos.com.br\/online\/wp-json\/wp\/v2\/product_cat?post=3363"},{"taxonomy":"product_tag","embeddable":true,"href":"https:\/\/www.itfcursos.com.br\/online\/wp-json\/wp\/v2\/product_tag?post=3363"}],"curies":[{"name":"wp","href":"https:\/\/api.w.org\/{rel}","templated":true}]}}