{"id":3338,"date":"2023-01-12T11:01:02","date_gmt":"2023-01-12T14:01:02","guid":{"rendered":"https:\/\/www.itfcursos.com.br\/online\/?post_type=product&#038;p=3338"},"modified":"2023-03-03T11:07:04","modified_gmt":"2023-03-03T14:07:04","slug":"antecipacao-pela-entradas-com-encerramento-de-tributacao-para-regime-credito-e-debito-lucro-presumido-e-lucro-real-no-para","status":"publish","type":"product","link":"https:\/\/www.itfcursos.com.br\/online\/produto\/antecipacao-pela-entradas-com-encerramento-de-tributacao-para-regime-credito-e-debito-lucro-presumido-e-lucro-real-no-para","title":{"rendered":"Antecipa\u00e7\u00e3o Pelas Entradas com Encerramento de Tributa\u00e7\u00e3o para Regime Cr\u00e9dito e D\u00e9bito (Lucro Presumido e Lucro Real) no Par\u00e1"},"content":{"rendered":"<p><strong>Objetivo:<\/strong> Esse e-book traz com riqueza de detalhes sobre a Antecipa\u00e7\u00e3o com Encerramento de tributa\u00e7\u00e3o, ou seja, contribuinte no Par\u00e1 adquirindo mercadorias de outra Unidade Federada dever\u00e1 recolher a substitui\u00e7\u00e3o tribut\u00e1ria.<br \/>\nTemos a explica\u00e7\u00e3o do passo a passo dessa opera\u00e7\u00e3o ex: incid\u00eancia, fato gerador, c\u00e1lculo, escritura\u00e7\u00f5es, recolhimento, c\u00f3digo de receita e muito mais. Forneceremos ainda 60 dias para questionamentos ilimitado via whats , e-mail ou telefone sobre\u00a0o\u00a0tema\u00a0em\u00a0tela.<\/p>\n<p><strong>Aten\u00e7\u00e3o:<\/strong> Voc\u00ea ter\u00e1 at\u00e9 60 dias para baixar o e-book\u00a0 e s\u00f3 pode fazer o download uma vez, ent\u00e3o certifique-se de salvar o arquivo em um lugar seguro.<\/p>\n<p>1- Legisla\u00e7\u00f5es.<br \/>\n2- Introdu\u00e7\u00e3o para Antecipa\u00e7\u00e3o Tribut\u00e1ria no Estado de S\u00e3o Paulo.<br \/>\n3-\u00a0Antecipa\u00e7\u00e3o Tribut\u00e1ria.<br \/>\n3.1 Entrada no Armaz\u00e9m Geral situado no PA..<br \/>\n4- Mais detalhes sobre a Antecipa\u00e7\u00e3o.<br \/>\n5- Dispensa do recolhimento do ICMS antecipado.<br \/>\n6- A seguir, trago a rela\u00e7\u00e3o de mercadorias sujeitas a essa modalidade de antecipa\u00e7\u00e3o tribut\u00e1ria no estado do PA.<br \/>\n6.1 Fundamenta\u00e7\u00e3o sobre Antecipa\u00e7\u00e3o com encerramento pelas entradas no PA<br \/>\nBase de C\u00e1lculo do Antecipado.<br \/>\n7.1 Base de C\u00e1lculo nas Transfer\u00eancias.<br \/>\n7.2 Al\u00edquotas.<br \/>\n7.3 C\u00e1lculo do Antecipado e MVA ajustado.<br \/>\n7.4 C\u00e1lculo do Antecipado no Par\u00e1, valores hipot\u00e9ticos.<br \/>\n7.5 C\u00e1lculo do Antecipado no Par\u00e1 com Redu\u00e7\u00e3o da Base \u2013 valores hipot\u00e9ticos<br \/>\n8- Guia de Recolhimento, C\u00f3digo de Receita e Prazo de Recolhimento.<br \/>\n9- Aquisi\u00e7\u00e3o de mercadorias por pessoa f\u00edsica (n\u00e3o contribuinte)<br \/>\n10- Cr\u00e9dito a ser apropriado pelo Industrial<br \/>\n11-Emiss\u00e3o da NF (nota fiscal) de sa\u00edda.<br \/>\n12.Escritura\u00e7\u00e3o do SPED..<br \/>\n13-Devolu\u00e7\u00e3o da mercadoria para outra Unidade Federada ap\u00f3s ter recolhido o Antecipado na entrada no PA.<br \/>\n14-Venda com valor a maior<br \/>\n15-Levantamento de estoque (mercadorias que entraram no estabelecimento sem a ST e posteriormente o Governo publicou uma legisla\u00e7\u00e3o trazendo essas mercadorias para o rol da ST interna)<br \/>\n16- Mercadorias que sa\u00edram da ST<\/p>\n","protected":false},"excerpt":{"rendered":"<p>Objetivo: Esse e-book traz com riqueza de detalhes sobre a Antecipa\u00e7\u00e3o com Encerramento de tributa\u00e7\u00e3o, ou seja, contribuinte no Par\u00e1 adquirindo mercadorias de outra Unidade Federada dever\u00e1 recolher a substitui\u00e7\u00e3o tribut\u00e1ria. Temos a explica\u00e7\u00e3o do passo a passo dessa opera\u00e7\u00e3o ex: incid\u00eancia, fato gerador, c\u00e1lculo, escritura\u00e7\u00f5es, recolhimento, c\u00f3digo de receita e muito mais. Forneceremos ainda [&hellip;]<\/p>\n","protected":false},"featured_media":3349,"comment_status":"open","ping_status":"closed","template":"","meta":{"_acf_changed":false},"product_brand":[],"product_cat":[203],"product_tag":[],"class_list":{"0":"post-3338","1":"product","2":"type-product","3":"status-publish","4":"has-post-thumbnail","6":"product_cat-e-book","8":"first","9":"instock","10":"sale","11":"downloadable","12":"virtual","13":"purchasable","14":"product-type-simple"},"acf":[],"_links":{"self":[{"href":"https:\/\/www.itfcursos.com.br\/online\/wp-json\/wp\/v2\/product\/3338","targetHints":{"allow":["GET"]}}],"collection":[{"href":"https:\/\/www.itfcursos.com.br\/online\/wp-json\/wp\/v2\/product"}],"about":[{"href":"https:\/\/www.itfcursos.com.br\/online\/wp-json\/wp\/v2\/types\/product"}],"replies":[{"embeddable":true,"href":"https:\/\/www.itfcursos.com.br\/online\/wp-json\/wp\/v2\/comments?post=3338"}],"wp:featuredmedia":[{"embeddable":true,"href":"https:\/\/www.itfcursos.com.br\/online\/wp-json\/wp\/v2\/media\/3349"}],"wp:attachment":[{"href":"https:\/\/www.itfcursos.com.br\/online\/wp-json\/wp\/v2\/media?parent=3338"}],"wp:term":[{"taxonomy":"product_brand","embeddable":true,"href":"https:\/\/www.itfcursos.com.br\/online\/wp-json\/wp\/v2\/product_brand?post=3338"},{"taxonomy":"product_cat","embeddable":true,"href":"https:\/\/www.itfcursos.com.br\/online\/wp-json\/wp\/v2\/product_cat?post=3338"},{"taxonomy":"product_tag","embeddable":true,"href":"https:\/\/www.itfcursos.com.br\/online\/wp-json\/wp\/v2\/product_tag?post=3338"}],"curies":[{"name":"wp","href":"https:\/\/api.w.org\/{rel}","templated":true}]}}